731?
1
What is the hundreds digit of 3495379?
3
What is the hundred thousands digit of 409513?
4
What is the hundreds digit of 526350?
3
What is the tens digit of 2066942?
4
What is the millions digit of 1147587?
1
What is the units digit of 199421?
1
What is the hundred thousands digit of 976577?
9
What is the thousands digit of 75318?
5
What is the units digit of 909340?
0
What is the thousands digit of 256028?
6
What is the hundreds digit of 1483450?
4
What is the thousands digit of 3614399?
4
What is the thousands digit of 11531811?
1
What is the hundreds digit of 237784?
7
What is the hundreds digit of 3087475?
4
What is the tens digit of 2607402?
0
What is the ten thousands digit of 465266?
6
What is the tens digit of 55001?
0
What is the tens digit of 450781?
8
What is the thousands digit of 9003042?
3
What is the units digit of 60497?
7
What is the units digit of 9265440?
0
What is the millions digit of 6977397?
6
What is the hundred thousands digit of 11181128?
1
What is the hundred thousands digit of 19410957?
4
What is the hundred thousands digit of 881228?
8
What is the hundreds digit of 999282?
2
What is the units digit of 125299?
9
What is the hundreds digit of 47602?
6
What is the thousands digit of 2223900?
3
What is the units digit of 9670690?
0
What is the tens digit of 12506877?
7
What is the hundred thousands digit of 951156?
9
What is the tens digit of 95805?
0
What is the units digit of 1620840?
0
What is the ten thousands digit of 1138082?
3
What is the millions digit of 4873637?
4
What is the ten millions digit of 13168999?
1
What is the units digit of 151628?
8
What is the millions digit of 13188649?
3
What is the units digit of 1863837?
7
What is the thousands digit of 5243892?
3
What is the ten thousands digit of 668604?
6
What is the ten thousands digit of 4672080?
7
What is the millions digit of 2381061?
2
What is the tens digit of 156402?
0
What is the tens digit of 535909?
0
What is the hundred thousands digit of 783175?
7
What is the thousands digit of 330855?
0
What is the hundreds digit of 1041107?
1
What is the millions digit of 2992371?
2
What is the millions digit of 5857494?
5
What is the units digit of 1812382?
2
What is the hundreds digit of 38062?
0
What is the tens digit of 567742?
4
What is the tens digit of 210662?
6
What is the millions digit of 4775976?
4
What is the thousands digit of 614783?
4
What is the units digit of 172229?
9
What is the thousands digit of 259468?
9
What is the millions digit of 9752764?
9
What is the ten thousands digit of 937247?
3
What is the hundred thousands digit of 316823?
3
What is the hundreds digit of 29721?
7
What is the hundred thousands digit of 28620318?
6
What is the hundred thousands digit of 919418?
9
What is the millions digit of 1185154?
1
What is the ten thousands digit of 807146?
0
What is the hundreds digit of 8415601?
6
What is the hundreds digit of 333826?
8
What is the millions digit of 3664872?
3
What is the tens digit of 4719759?
5
What is the ten thousands digit of 2012615?
1
What is the ten thousands digit of 4874199?
7
What is the ten millions digit of 23362462?
2
What is the tens digit of 2076155?
5
What is the thousands digit of 213186?
3
What is the millions digit of 9497504?
9
What is the millions digit of 3804521?
3
What is the tens digit of 15223822?
2
What is the hundreds digit of 1229246?
2
What is the thousands digit of 726980?
6
What is the thousands digit of 143877?
3
What is the ten thousands digit of 105699?
0
What is the tens digit of 2976126?
2
What is the units digit of 1516912?
2
What is the hundreds digit of 1506042?
0
What is the thousands digit of 215777?
5
What is the thousands digit of 24384?
4
What is the hundreds digit of 10729544?
5
What is the hundreds digit of 1551786?
7
What is the hundreds digit of 3829941?
9
What is the hundred thousands digit of 317443?
3
What is the ten thousands digit of 1304938?
0
What is the millions digit of 3880309?
3
What is the thousands digit of 100277?
0
What is the hundreds digit of 904223?
2
What is the tens digit of 939053?
5
What is the hundreds digit of 807972?
9
What is the units digit of 522261?
1
What is the units digit of 1069317?
7
What is the thousands digit of 256525?
6
What is the hundred thousands digit of 266675?
2
What is the units digit of 292141?
1
What is the hundreds digit of 572271?
2
What is the hundreds digit of 277427?
4
What is the hundred thousands digit of 912107?
9
What is the ten thousands digit of 253170?
5
What is the tens digit of 796559?
5
What is the units digit of 229999?
9
What is the units digit of 24374?
4
What is the hundreds digit of 8432078?
0
What is the hundred thousands digit of 13041761?
0
What is the thousands digit of 51493?
1
What is the ten thousands digit of 1007674?
0
What is the units digit of 542560?
0
What is the hundreds digit of 30018?
0
What is the hundred thousands digit of 1606209?
6
What is the hundreds digit of 5161509?
5
What is the thousands digit of 222983?
2
What is the tens digit of 1624958?
5
What is the ten millions digit of 36433898?
3
What is the tens digit of 1038553?
5
What is the hundreds digit of 56058?
0
What is the millions digit of 2149945?
2
What is the units digit of 414268?
8
What is the tens digit of 12319?
1
What is the thousands digit of 810007?
0
What is the thousands digit of 814059?
4
What is the hundreds digit of 329486?
4
What is the thousands digit of 190922?
0
What is the thousands digit of 8507723?
7
What is the thousands digit of 8213431?
3
What is the millions digit of 8031953?
8
What is the hundreds digit of 161865?
8
What is the hundred thousands digit of 4586741?
5
What is the thousands digit of 992861?
2
What is the units digit of 1124587?
7
What is the hundred thousands digit of 438397?
4
What is the thousands digit of 9045858?
5
What is the hundreds digit of 446173?
1
What is the units digit of 46570?
0
What is the tens digit of 5866873?
7
What is the tens digit of 216401?
0
What is the hundreds digit of 781823?
8
What is the units digit of 571331?
1
What is the hundreds digit of 132425?
4
What is the ten millions digit of 12623374?
1
What is the tens digit of 15554?
5
What is the tens digit of 1811778?
7
What is the hundreds digit of 16367547?
5
What is the ten thousands digit of 114096?
1
What is the hundred thousands digit of 1812833?
8
What is the thousands digit of 739901?
9
What is the units digit of 4777212?
2
What is the tens digit of 34447?
4
What is the hundred thousands digit of 2537784?
5
What is the hundred thousands digit of 294049?
2
What is the tens digit of 315139?
3
What is the hundred thousands digit of 136637?
1
What is the thousands digit of 2513501?
3
What is the tens digit of 843559?
5
What is the hundred thousands digit of 3810061?
8
What is the hundred thousands digit of 165805?
1
What is the millions digit of 6066979?
6
What is the tens digit of 160927?
2
What is the millions digit of 2038033?
2
What is the hundred thousands digit of 17513413?
5
What is the tens digit of 2110188?
8
What is the tens digit of 116822?
2
What is the thousands digit of 431503?
1
What is the units digit of 459578?
8
What is the hundred thousands digit of 27408963?
4
What is the thousands digit of 7012293?
2
What is the ten thousands digit of 6588363?
8
What is the thousands digit of 29248?
9
What is the millions digit of 4946867?
4
What is the tens digit of 45161?
6
What is the tens digit of 123140?
4
What is the millions digit of 1490237?
1
What is the units digit of 188422?
2
What is the units digit of 797781?
1
What is the tens digit of 385310?
1
What is the tens digit of 768999?
9
What is the millions digit of 29408499?
9
What is the units digit of 2038999?
9
What is the tens digit of 12762870?
7
What is the units digit of 387298?
8
What is the hundreds digit of 3666176?
1
What is the thousands digit of 20119183?
9
What is the hundreds digit of 988862?
8
What is the hundreds digit of 342348?
3
What is the millions digit of 4146212?
4
What is the thousands digit of 187112?
7
What is the hundred thousands digit of 15819951?
8
What is the millions digit of 2339821?
2
What is the thousands digit of 3405722?
5
What is the ten thousands digit of 3845198?
4
What is the hundred thousands 